. Calculate the greatest common divisor of 32 and n.
16
Let x = -11 + 17. What is the greatest common divisor of x and 6?
6
Let p(f) = -4*f + 1. Let o be p(-3). Let s be ((-39)/(-9))/((-2)/(-6)). What is the greatest common divisor of s and o?
13
Let m = 30 + 0. Calculate the greatest common divisor of m and 20.
10
Suppose v - 4*f - 50 = 0, -4*f = -2*v - 54 + 158. What is the greatest common factor of 6 and v?
6
Suppose -2*g + 2 = -8, -5*f = -4*g - 170. What is the highest common factor of 19 and f?
19
Let f be ((-30)/(-12))/(1/2). Suppose a + 736 = f*a. What is the highest common divisor of 23 and a?
23
Suppose -3*d + 14 = -2*d. Let i(c) = 13*c - 8. Let t be i(6). Calculate the highest common factor of t and d.
14
Let o be (80/12)/(1/3). Calculate the greatest common divisor of 10 and o.
10
Let n(t) = -t**2 + 7*t - 2. Let l be n(5). What is the highest common factor of 16 and l?
8
Suppose 3*u + 4*t = 268, -2*u - 455 = -7*u - 5*t. Calculate the highest common divisor of u and 12.
12
Let n be 5/(-10)*(-274 - 0). Suppose 0 = 2*m + 3*m + 5*p - 335, n = 2*m + 3*p. What is the greatest common divisor of m and 160?
32
Let d be (8 - (-1 - -1))*1. Suppose -d*w = -4*w - 24. Calculate the greatest common divisor of 6 and w.
6
Let h = -33 - -97. Calculate the greatest common divisor of 16 and h.
16
Let m(n) = -6*n + 2. Let s be m(-7). Let y be (-1 - 0) + 24 + -1. Calculate the greatest common factor of s and y.
22
Let p(l) = 4*l + 5. Let w be p(4). Let y(f) = f**2 + 31*f + 49. Let k be y(-35). What is the greatest common factor of k and w?
21
Let d = 0 - -2. Let p be ((-2)/4)/(d/16). Let n(x) = -2*x. Let l be n(p). What is the greatest common factor of l and 8?
8
Let d(i) = i**2 + 10*i + 19. Let o be d(-9). What is the highest common factor of o and 80?
10
Suppose 0 = n - 5*c - 80, -3*n + 160 = -n + 5*c. Suppose 0*l - 2*l + n = 0. What is the highest common factor of l and 60?
20
Let d(r) = 4*r**2 - 4*r + 3. Let i = -4 + 1. Let t be (6/(-4))/(i/6). Let h be d(t). Calculate the highest common divisor of h and 18.
9
Suppose j + 5 = -0*q + 2*q, 0 = 5*j - 2*q - 7. What is the highest common factor of j and 4?
1
Suppose 13*t + 16 = 17*t. Let q(n) = n + 5. Let c be q(0). Suppose 104 = c*p + t*w, 0*p + p - 12 = -3*w. What is the greatest common factor of 6 and p?
6
Suppose -5*k = -4*f - 484, -2*k + 5*k - 5*f - 293 = 0. Let b = k + -46. What is the greatest common divisor of 75 and b?
25
Suppose 2*g + 17 = -5*i, -2*i + i = 3*g + 6. Let j = i - -11. Let k(o) = o**2. Let l be k(1). What is the highest common divisor of j and l?
1
Let t(v) = -4 + v**2 + 5*v + 3*v**2 + 8. Let n be t(-2). Let m(o) = o**2 + 2*o - 4. Let q be m(-4). Calculate the highest common factor of q and n.
2
Let w(i) = -4*i - 5. Let f be w(-8). What is the highest common divisor of f and 135?
27
Suppose -3 + 39 = 2*v. Calculate the highest common factor of 6 and v.
6
Suppose 3*q - 14 = -h, -14 = -5*q - 4*h - 0. Let u be 5*(-465)/(-31)*(-2)/(-5). What is the greatest common factor of u and q?
6
Let i(x) = x + 8. Let o be i(-6). Let w be 1/(-1*o/(-56)). Suppose -3*a - 3*b + 10 = 1, -4*a - b + 24 = 0. What is the highest common divisor of w and a?
7
Let l be ((-25)/2)/5*-14. Let t = 59 - 54. What is the greatest common divisor of t and l?
5
Let j(c) = 3*c**2 + 17*c - 3. Let i be j(-7). Calculate the highest common factor of i and 10.
5
Suppose -28 = -3*v - v. Let n = -140 - -332. Let k = n - 115. What is the greatest common divisor of k and v?
7
Suppose -3*q - 10 + 37 = 0. What is the greatest common factor of q and 1?
1
Suppose 4*a + 5*m + 21 - 81 = 0, -3*m + 88 = 5*a. Calculate the greatest common divisor of a and 180.
20
Suppose -152*c = -147*c - 2310. What is the greatest common factor of c and 42?
42
Let h(f) = 2*f**2 - 7*f + 6. Let s be h(4). Suppose -3*v + 68 = 4*b + b, 48 = 4*v - 4*b. Let p = v - s. What is the greatest common factor of 30 and p?
6
Let k be (5/15)/(1/3). Calculate the greatest common divisor of 3 and k.
1
Suppose 0 = -s - 2 - 8. Let z = 41 - s. Suppose 5*r - 5*y - 78 = 32, 2*y - z = -3*r. Calculate the highest common factor of r and 19.
19
Suppose 0 = -2*c - 4*p + p + 118, 4*c = -5*p + 234. What is the greatest common factor of c and 84?
28
Suppose 0 = 2*a - 0 - 2. Let i be 2*-1 - (-6 - a). Let w = 7 + i. What is the highest common divisor of w and 84?
12
Let t = -27 + 45. Calculate the greatest common divisor of 6 and t.
6
Suppose -2*s = 2 + 2, 5*b = -s + 373. Let t be ((-2)/6)/((-5)/b). What is the highest common factor of t and 20?
5
Let v(h) = h + 34. Let y be v(0). What is the greatest common divisor of y and 272?
34
Let h = -51 - -31. Let x be h/12*(0 + -3). Suppose -2*y = -x*y + 12. What is the highest common factor of 1 and y?
1
Let k = 155 - 141. What is the greatest common factor of k and 35?
7
Let s(q) = 3*q**2 + 7*q + 7. Let b be s(5). Calculate the greatest common divisor of b and 39.
39
Let r(z) = z**3 + 3*z**2 - 5*z - 3. Let n be r(-3). What is the greatest common factor of n and 12?
12
Let z be (-194)/(-7) - 14/(-49). Let u(o) = o**3 + 5*o**2 - 8*o - 8. Let l be u(-6). Calculate the greatest common divisor of z and l.
4
Let r = -4 + 6. Suppose -4*z + 5*n = 4*n - 12, r*z + n - 12 = 0. Suppose 3*d + d = 24. Calculate the highest common factor of z and d.
2
Let f be (44/(-6))/(5/(-15)). Suppose -4*a + 5*a = f. Calculate the greatest common factor of a and 11.
11
Let a(s) = -s**2 - 11*s - 10. Let j be a(-7). What is the highest common divisor of 126 and j?
18
Let s be (-1 + 3 + 4)*8. Calculate the greatest common divisor of 32 and s.
16
Let v be 2/(-1) - (-5 + 0). Suppose 7*t = v*t - 12. Let z be 2 + (t + 2 - -125). What is the highest common divisor of 18 and z?
18
Let c = -140 - -144. Calculate the greatest common divisor of c and 6.
2
Suppose 4*g = 4*n - 2*n + 720, 3*n = g - 170. Let u = -15 - -41. Calculate the highest common divisor of u and g.
26
Let u = -26 + 37. Suppose -2 + u = -s. Let p be 8/36 - 25/s. Calculate the greatest common factor of 2 and p.
1
Suppose -3*x - 11 = -35. What is the highest common divisor of x and 24?
8
Suppose -2 = t - 5. Suppose 0 = -2*o + 16 + 26. What is the greatest common divisor of o and t?
3
Let u = -9 - -11. Suppose -2*i + 15 = 5*m, 3*m = u*i - 2*m - 25. Calculate the highest common factor of 10 and i.
10
Suppose 4*y + f - 105 = 0, -5*y + 5*f = -9 - 91. Calculate the highest common factor of y and 75.
25
Let q = -15 + 31. Suppose 0 = 5*d + 3*o - 120, 3*d - 2*o = 67 + 5. Calculate the highest common divisor of q and d.
8
Suppose 3*w + 160 = 8*w. Let x = -6 - -11. Suppose -n - 2*a + 86 = a, -5*a = x*n - 410. What is the highest common divisor of n and w?
16
Let t = 4 + 0. Let z = 10 + t. What is the greatest common divisor of z and 14?
14
Let w(s) = s**2 - 10*s. Let l be w(10). Suppose 5*o - 32 = -2*x + o, -4*o = l. Calculate the highest common factor of 4 and x.
4
Let v = -6 + 3. Let l be (-12)/v*14/8. Suppose -6 = -4*t - 5*x + 3, 4*x = 2*t + 2. What is the greatest common divisor of l and t?
1
Let p be -2*2/(-4)*-4. Let f = p - 1. Let t(x) = -3*x - 2. Let q be t(f). What is the highest common divisor of 52 and q?
13
Let q be -13*1 - (-1 + -1). Let g = 12 + q. What is the greatest common factor of 1 and g?
1
Let d(k) be the first derivative of k**3/3 + 3*k**2/2 + 2*k + 7. Let u be d(3). Calculate the highest common factor of 140 and u.
20
Let i be 2*(234/4 - 3). Let h = -66 + i. What is the highest common factor of 9 and h?
9
Let o = -42 - -65. What is the greatest common divisor of 69 and o?
23
Suppose 0*n + 1175 = 5*n. Suppose 0 = -r + n + 18. Calculate the highest common divisor of 23 and r.
23
Let h(i) be the third derivative of 5*i**4/24 - i**3/3 + 4*i**2. Let d be h(7). Calculate the greatest common factor of d and 3.
3
Suppose 7*x = 6*x + 4. Let h(m) = m**2 + 5*m - 2. Let r be h(-6). Calculate the greatest common divisor of r and x.
4
Let r(v) = -v + 2. Let p be r(-6). Calculate the highest common divisor of p and 32.
8
Suppose -u - 5*b = -51 - 18, b + 192 = 4*u. What is the greatest common factor of 7 and u?
7
Let j = 3 + -3. Let y = j + 4. Calculate the greatest common divisor of 32 and y.
4
Suppose 8 - 18 = 5*p. Let l be p/4*(-38 + 2). Let r be 10*(1 - 2/(-10)). What is the highest common factor of l and r?